(-14). List the prime factors of w(d).
2, 19
Suppose 0 = -2*w + 3*w - 2. Suppose -m - 2*z = -z - 4, 12 = 2*m - w*z. What are the prime factors of m?
5
List the prime factors of 180/6 + (-6)/2.
3
Let g(x) = -x**2 + 10. Let u be (1 - 2/1) + 1. What are the prime factors of g(u)?
2, 5
Suppose -4*x - 5*u + 1148 = 18, -2*u - 4 = 0. List the prime factors of x.
3, 5, 19
Suppose -467 = -4*t + 221. List the prime factors of t.
2, 43
Suppose 152 = 4*d - m, -d - d + 3*m = -86. List the prime factors of d.
37
Let w = -1 + 1. Suppose w*p - p + 2 = 0. What are the prime factors of (0 - (1 - p))*7?
7
Let k(n) = n**3 + 9*n**2 + 8*n - 4. Let h be k(-8). Let q = 5 + h. Let c(i) = 16*i - 1. What are the prime factors of c(q)?
3, 5
Let m = 44 - 2. List the prime factors of m.
2, 3, 7
Suppose 0 = 4*o - 7 - 1. Let x be 4*o*3/24. Let h = 4 + x. List the prime factors of h.
5
Suppose -7*a - 160 = -15*a. List the prime factors of a.
2, 5
Let w(b) = b**2 - 4*b + 3. Let k be w(3). Suppose k*m + 56 = -4*m. Let o = -8 - m. What are the prime factors of o?
2, 3
Let p be -3 - (-16 + (1 - 0)). List the prime factors of (p/(-9))/((-3)/36).
2
Let j = -108 - -199. Let w = j + -27. Suppose -3*q = q - w. List the prime factors of q.
2
Suppose 2*n = 38 + 74. What are the prime factors of n?
2, 7
Suppose 2*y - 22 - 88 = 0. Suppose y + 1 = 4*i. List the prime factors of i.
2, 7
Let t(s) = 0*s + 3*s - 4*s. Let f = 6 - 12. List the prime factors of t(f).
2, 3
Let l(u) = -u**3 - 6*u**2 + 7*u - 8. Let g be l(-7). Let o = -11 - g. List the prime factors of (-6)/(-2) + o + 2.
2
Let u be 2 - (-8)/(-2) - -7. Let z = u - 5. Suppose f = v + 2, z = 3*v - 0*v + 3*f - 18. What are the prime factors of v?
2
Let w = 62 - 26. Suppose -3*z + 5*n = -9 - 25, 3*z = 3*n + w. List the prime factors of z.
13
Let h(t) = 25*t - 28. What are the prime factors of h(7)?
3, 7
Let c = -1 + 0. Let v be 10/((-3)/6*c). Suppose -6*k + 4*k = -v. What are the prime factors of k?
2, 5
Suppose 2*i - 72 = 2*j, 23 + 40 = 2*i + j. What are the prime factors of i?
3, 11
Let d = 2 - -1. Suppose -d*x = x - 80. Suppose w = 4*t - 1, -3*w + x = w - 4*t. What are the prime factors of w?
7
Let d(l) = l - 5. Let y be d(5). Suppose y = 4*z + z - 70. List the prime factors of z.
2, 7
Let c be (-2 + 1)/((-2)/12). Suppose 2*f - 96 + c = 0. What are the prime factors of f?
3, 5
Let q(t) = -t + 1. Let a(g) = g - 1. Let b(s) = 5*a(s) + 4*q(s). List the prime factors of b(7).
2, 3
Let u(j) = j**3 - 11*j**2 + 5*j - 6. Let z(k) = -k**3 + 10*k**2 - 5*k + 6. Let f(v) = -5*u(v) - 6*z(v). List the prime factors of f(5).
19
Suppose -60 = -4*b + 5*a, -4*a = -3*b + 4 + 42. Let y = b - 4. Suppose -y = -2*g + m, -5*g + 5*m - 5 + 15 = 0. List the prime factors of g.
2
Suppose -k + 3*u = -5*k, 4*u = 4*k. What are the prime factors of (k - -3)/((-3)/(-14))?
2, 7
Let h(g) = g**2 - 3*g - 3. Let j be -3 - (-3 - (0 - 2)). List the prime factors of h(j).
7
Let s be 2/(-9) + 7/(-9). List the prime factors of ((-4)/5)/(s/5).
2
Let y = 3 - 6. Let u = 35 + y. Suppose -4 = 4*g + 12, -4*t + 2*g + u = 0. What are the prime factors of t?
2, 3
Let q(f) = f**3 + 9*f**2 + 10*f + 4. Let o be q(-8). Let a be (-2)/(-12) - (-218)/o. Let r = a + 31. List the prime factors of r.
13
Suppose -2 = 4*d - 2*b, 3*b + 4 = d + 2. List the prime factors of (-3 - 25/d) + -1.
3, 7
What are the prime factors of 1438/6 + (-35)/21?
2, 7, 17
Suppose -54 - 33 = -3*q. Let h be 2/(2/17 + 0). Let m = q - h. What are the prime factors of m?
2, 3
Suppose 4*n - 5*n - 10 = 0. Let o = -6 - n. List the prime factors of o.
2
Let c be 192/10 + (-3)/15. Let i = -12 + c. List the prime factors of i.
7
Let l = -2 + 8. Suppose l = h + 2. Suppose 0 = 3*o - h - 5. List the prime factors of o.
3
Suppose -5*j + t - 119 = -952, -2*t = j - 160. List the prime factors of j.
2, 83
Suppose 15 = 5*h - i, -3*h + 18 + 14 = 4*i. Suppose -192 = -l - 3*l + h*d, l - 60 = 5*d. What are the prime factors of l?
3, 5
Suppose 3*a - 15 = -2*a. Suppose c = a*x + 6*c - 50, -5*c = -20. List the prime factors of x.
2, 5
List the prime factors of (1/((-6)/(-712)))/((-14)/(-21)).
2, 89
Let d be (-3)/9 - 10/(-3). Suppose 0*p + 3*p + 6 = 3*b, -9 = 2*p - d*b. List the prime factors of p.
3
Let o(b) = b**3 - 6*b - 3. Let r(w) = w**3 + w**2 - 6*w - 4. Let m(v) = -4*o(v) + 3*r(v). Let p be m(6). What are the prime factors of ((-5)/4)/(6/p)?
3, 5
Suppose -3*y + 3*z + 57 = 0, -5*z + 14 = 4. Suppose 5*x + 11 = s, -3*s + y = 2*x - 29. Suppose -2*p - s = -3*h, 5*p - 6 = -31. List the prime factors of h.
2
Let j = -1 + 3. Let p(t) = -2 + 4*t - 4*t + 5*t. What are the prime factors of p(j)?
2
Let w be (-10)/4 + 2/(-4). List the prime factors of -3 - (1 + -10 + w).
3
Let n = 1 - -3. Let w be n/(-14) - (-4)/14. Suppose q + w*q = 19. What are the prime factors of q?
19
Let t(w) = -w**3 + 15. Let n be t(0). List the prime factors of 6/n - 572/(-20).
29
Let f(y) = 0*y + 0*y**2 - 5*y**2 + 7*y + 10 + 4*y**2. What are the prime factors of f(7)?
2, 5
Let u = -13 + 10. Let p be 1*(3 - u)/2. What are the prime factors of 6 - ((-18)/p)/(-3)?
2
Let y(u) = -18*u - 1. Let x be (4/6)/(2/6). Let m be y(x). Let w = -26 - m. List the prime factors of w.
11
Let c(k) = -k + 6. Let s be c(4). What are the prime factors of 4 - s*(0 - 5)?
2, 7
Let g be (-3 - 0 - -2) + -2. List the prime factors of ((-2)/g)/((-2)/(-18)).
2, 3
Suppose i - 29 = 57. List the prime factors of i.
2, 43
Suppose 8 = -3*y + 17. What are the prime factors of -2 + 6/y + 25?
5
Let y(n) = 4*n**2 - n + 1. Let k(t) = -3*t**2 + 2*t - 2. Let l(o) = 5*k(o) + 4*y(o). Let f be l(-6). What are the prime factors of 0 - (1 - f)/(-1)?
7
Suppose 2*s + 119 = 9*s. List the prime factors of s.
17
Let f(b) = 2*b**2 - 4*b - 5. Let t = -2 - -6. What are the prime factors of f(t)?
11
Let b = -7 + -2. Let t(k) = -2*k**3 + 7*k + k - 8*k**2 + k**3. What are the prime factors of t(b)?
3
Let k(n) = -n**2 + 5*n + 3. Let o be k(5). Let x be o*(-1)/(-3) + -1. Suppose 1 = s + 2*i + i, -5*s - i + 47 = x. List the prime factors of s.
2, 5
What are the prime factors of 12/(-8)*(-2 + -28)?
3, 5
Let h(a) = -a**3 + 4*a**2 + 6*a - 2. Let c = -8 + 12. Let s be h(c). Suppose -3*b = -b - s. What are the prime factors of b?
11
What are the prime factors of ((-66)/(-18))/(1/9)?
3, 11
Suppose -45 = 5*i - 5*d, 0*i - 4*i + 2*d - 42 = 0. Let p = i - -21. What are the prime factors of p?
3
Let m be (-1)/7 - 1085/(-49). What are the prime factors of 6/33 + 480/m?
2, 11
Suppose 0 = -5*m + x + 87, m - 1 = x + 18. Suppose 33 = -0*o + o - 3*z, -o + m = 5*z. What are the prime factors of o?
3
Let z be ((-3)/9)/(1/(-12)). Let x be (-7 + 5)/(z/(-22)). Let y = x - 6. List the prime factors of y.
5
Suppose 2*h - 17 = 7. Suppose 5*w - 23 = -4*k, -w = -3*k - 0*w + 3. Suppose -3*x = 2*x + 5, k*x = p - h. List the prime factors of p.
2, 5
Suppose -3 = 5*z + 2, 4*h = 3*z + 3. Suppose -5*c = 2*i - 74, -48 = -4*c - h*c + 4*i. List the prime factors of c.
2, 7
Let u(v) = 19*v + 17. What are the prime factors of u(8)?
13
Let g = 19 - -44. List the prime factors of g.
3, 7
Let c = 0 + 2. Let s(l) = 3 + 2 + l**c + 0 + 5*l. What are the prime factors of s(-5)?
5
Suppose 0 = 5*t - 4*l - 22, -3*l - 8 = 1. Let k(d) = 3*d**3 - 2*d - 1. What are the prime factors of k(t)?
19
Let a(l) = 2*l**2 + 21*l + 37. What are the prime factors of a(-18)?
307
Let k = -256 + 440. Suppose -t + 3*t + 149 = 3*c, 4*c - k = -t. List the prime factors of (-2)/(-7) + c/7.
7
Let z be 26/10 + (-6)/10. Let i = 5 + z. What are the prime factors of i?
7
Let o(m) = 2*m**2 + m - 1. What are the prime factors of o(-6)?
5, 13
Let f(u) = -u**2 - 6*u + 4. Let y be f(-6). Suppose 0 = -2*x - 3*x, 0 = a - y*x. What are the prime factors of 0 - -6 - (2 + a)?
2
Suppose -2*b + 2 = -2. Let q = 11 - 7. Suppose z = 5*m - 75, 2*m - 42 = b*z - q*z. What are the prime factors of m?
2
Let z = 14 + -11. List the prime factors of z.
3
Let p be -1 + 1 - (-6 - -3). Let h = 3 - p. Suppose j = -h*j + 17. What are the prime factors of j?
17
Let k(t) = -t. Let i be k(-6). Let r(o) = 4*o**3 + 5*o**3 - i*o**3. What are the prime factors of r(1)?
3
Let x(k) = k**3 + 5*k**2 - 6*k - 5. What are the prime factors of x(-5)?
5
Let x(z) = -z**3 - 5*z**2 + 7*z + 7. Let c be x(-6). List the prime factors of c/3 + (-84)/(-18).